{"id":58,"date":"2021-05-14T18:04:00","date_gmt":"2021-05-14T18:04:00","guid":{"rendered":"https:\/\/centroestudioslazaro.com\/?page_id=58"},"modified":"2021-05-29T14:30:03","modified_gmt":"2021-05-29T14:30:03","slug":"servicios-adicionales","status":"publish","type":"page","link":"https:\/\/centroestudioslazaro.com\/index.php\/servicios-adicionales\/","title":{"rendered":"Actividades adicionales"},"content":{"rendered":"\n<p><span style=\"color:#d32d45\" class=\"has-inline-color\"><strong>CAMPAMENTOS<\/strong><\/span><\/p>\n\n\n\n<p class=\"has-text-align-center\"><strong><span style=\"color:#d72a46\" class=\"has-inline-color\">\u00a1 LA DIVERSI\u00d3N EST\u00c1 ASEGURADA !<\/span><\/strong><\/p>\n\n\n\n<p>En <strong><span style=\"color:#d32d45\" class=\"has-inline-color\">CENTRO DE ESTUDIOS L\u00c1ZARO<\/span><\/strong> podr\u00e1s continuar tu aprendizaje y diversi\u00f3n en <strong>d\u00edas no lectivos<\/strong>.<\/p>\n\n\n\n<p>Ofrecemos <strong>CAMPAMENTOS <\/strong>donde los m\u00e1s peque\u00f1os se divertir\u00e1n aprendiendo. Podr\u00e1n realizar una gran variedad de actividades que reforzar\u00e1n los conocimientos adquiridos durante el curso, con un enfoque especial en la pr\u00e1ctica del <strong>ingl\u00e9s<\/strong>. <\/p>\n\n\n\n<p><strong><span style=\"color:#d32d45\" class=\"has-inline-color\">CURSOS INTENSIVOS<\/span><\/strong><\/p>\n\n\n\n<p>De cara a las pruebas de acceso a la UNIVERSIDAD, ofrecemos a nuestr@s alumn@s cursos intensivos de todas las materias, para que afronten los ex\u00e1menes de <strong>EvAU <\/strong>con seguridad y tranquilidad.<\/p>\n\n\n\n<p>Adem\u00e1s, para l@s alumn@s de ESO, Bachillerato, FP y Universidad que quieran comenzar el siguiente curso bien preparados, tambi\u00e9n ofrecemos durante estas fechas <strong>cursos intensivos de preparaci\u00f3n e iniciaci\u00f3n <\/strong>al pr\u00f3ximo a\u00f1o.<\/p>\n\n\n\n<p>Y, por supuesto, ofrecemos <strong>cursos intensivos de ingl\u00e9s <\/strong>para todos aquellos que quieran reforzar su nivel durante las vacaciones de verano, o deseen obtener un t\u00edtulo oficial.<\/p>\n\n\n\n<p><strong><span style=\"color:#d32d45\" class=\"has-inline-color\">CURSOS DE OFIM\u00c1TICA<\/span><\/strong><\/p>\n\n\n\n<p>Para mejorar tus conocimientos ofim\u00e1ticos de cara a los estudios m\u00e1s t\u00e9cnicos, y para estar preparad@ para el mundo laboral, ofrecemos cursos de ofim\u00e1tica impartidos por nuestr@s mejores profesionales.<\/p>\n\n\n\n<p><strong><span style=\"color:#d72a46\" class=\"has-inline-color\">CURSOS DE CONTABILIDAD<\/span><\/strong><\/p>\n\n\n\n<p>Disponemos de cursos de contabilidad, impartidos por l@s mejores expert@s tanto para superar tus objetivos acad\u00e9micos, como de cara al desarrollo en tu vida laboral.<\/p>\n\n\n\n<div class=\"wp-block-buttons is-layout-flex wp-block-buttons-is-layout-flex\">\n<div class=\"wp-block-button\"><a class=\"wp-block-button__link\" href=\"\" target=\"_blank\" rel=\"noreferrer noopener\">Solicita informaci\u00f3n<\/a><\/div>\n<\/div>\n\n\n\n<p><\/p>\n","protected":false},"excerpt":{"rendered":"<p>CAMPAMENTOS \u00a1 LA DIVERSI\u00d3N EST\u00c1 ASEGURADA ! En CENTRO DE ESTUDIOS L\u00c1ZARO podr\u00e1s continuar tu aprendizaje y diversi\u00f3n en d\u00edas no lectivos. Ofrecemos CAMPAMENTOS donde los m\u00e1s peque\u00f1os se divertir\u00e1n aprendiendo. Podr\u00e1n realizar una gran variedad de actividades que reforzar\u00e1n los conocimientos adquiridos durante el curso, con un enfoque especial en la pr\u00e1ctica del ingl\u00e9s. [&hellip;]<\/p>\n","protected":false},"author":1,"featured_media":0,"parent":0,"menu_order":0,"comment_status":"closed","ping_status":"closed","template":"template-parts\/template-page-full-width.php","meta":{"om_disable_all_campaigns":false,"_monsterinsights_skip_tracking":false,"_monsterinsights_sitenote_active":false,"_monsterinsights_sitenote_note":"","_monsterinsights_sitenote_category":0,"spay_email":"","footnotes":""},"class_list":["post-58","page","type-page","status-publish","hentry"],"_links":{"self":[{"href":"https:\/\/centroestudioslazaro.com\/index.php\/wp-json\/wp\/v2\/pages\/58","targetHints":{"allow":["GET"]}}],"collection":[{"href":"https:\/\/centroestudioslazaro.com\/index.php\/wp-json\/wp\/v2\/pages"}],"about":[{"href":"https:\/\/centroestudioslazaro.com\/index.php\/wp-json\/wp\/v2\/types\/page"}],"author":[{"embeddable":true,"href":"https:\/\/centroestudioslazaro.com\/index.php\/wp-json\/wp\/v2\/users\/1"}],"replies":[{"embeddable":true,"href":"https:\/\/centroestudioslazaro.com\/index.php\/wp-json\/wp\/v2\/comments?post=58"}],"version-history":[{"count":5,"href":"https:\/\/centroestudioslazaro.com\/index.php\/wp-json\/wp\/v2\/pages\/58\/revisions"}],"predecessor-version":[{"id":161,"href":"https:\/\/centroestudioslazaro.com\/index.php\/wp-json\/wp\/v2\/pages\/58\/revisions\/161"}],"wp:attachment":[{"href":"https:\/\/centroestudioslazaro.com\/index.php\/wp-json\/wp\/v2\/media?parent=58"}],"curies":[{"name":"wp","href":"https:\/\/api.w.org\/{rel}","templated":true}]}}